{"id":28,"date":"2023-05-02T14:26:45","date_gmt":"2023-05-02T11:26:45","guid":{"rendered":"https:\/\/studentpages.ingmanedu.fi\/~aputkone\/naytto\/?page_id=28"},"modified":"2023-05-17T19:52:37","modified_gmt":"2023-05-17T16:52:37","slug":"media","status":"publish","type":"page","link":"https:\/\/www.kaksinen.fi\/?page_id=28","title":{"rendered":"Galleria"},"content":{"rendered":"\n<figure class=\"wp-block-image size-full\"><img decoding=\"async\" loading=\"lazy\" width=\"1170\" height=\"600\" src=\"https:\/\/studentpages.ingmanedu.fi\/~aputkone\/naytto\/wp-content\/uploads\/2023\/05\/cover_3.jpg\" alt=\"Titanic-imitaatio Markuksen ja Petterin tyyliin.\" class=\"wp-image-514\" srcset=\"https:\/\/www.kaksinen.fi\/wp-content\/uploads\/2023\/05\/cover_3.jpg 1170w, https:\/\/www.kaksinen.fi\/wp-content\/uploads\/2023\/05\/cover_3-300x154.jpg 300w, https:\/\/www.kaksinen.fi\/wp-content\/uploads\/2023\/05\/cover_3-1024x525.jpg 1024w, https:\/\/www.kaksinen.fi\/wp-content\/uploads\/2023\/05\/cover_3-768x394.jpg 768w\" sizes=\"(max-width: 1170px) 100vw, 1170px\" \/><\/figure>\n\n\n\n<div style=\"height:75px\" aria-hidden=\"true\" class=\"wp-block-spacer\"><\/div>\n\n\n\n<div class=\"wp-block-group workarea is-layout-constrained\"><div class=\"wp-block-group__inner-container\">\n<h1 class=\"wp-block-heading\">Galleria<\/h1>\n\n\n\n<div style=\"height:50px\" aria-hidden=\"true\" class=\"wp-block-spacer\"><\/div>\n\n\n\n<figure class=\"wp-block-gallery has-nested-images columns-4 is-cropped wp-block-gallery-1 is-layout-flex\">\n<figure class=\"wp-block-image size-full\"><a href=\"https:\/\/studentpages.ingmanedu.fi\/~aputkone\/naytto\/wp-content\/uploads\/2023\/05\/2.jpg\"><img decoding=\"async\" loading=\"lazy\" width=\"602\" height=\"597\" src=\"https:\/\/studentpages.ingmanedu.fi\/~aputkone\/naytto\/wp-content\/uploads\/2023\/05\/2.jpg\" alt=\"\" class=\"wp-image-345\" srcset=\"https:\/\/www.kaksinen.fi\/wp-content\/uploads\/2023\/05\/2.jpg 602w, https:\/\/www.kaksinen.fi\/wp-content\/uploads\/2023\/05\/2-300x298.jpg 300w, https:\/\/www.kaksinen.fi\/wp-content\/uploads\/2023\/05\/2-150x150.jpg 150w\" sizes=\"(max-width: 602px) 100vw, 602px\" \/><\/a><\/figure>\n\n\n\n<figure class=\"wp-block-image size-full is-style-default\"><a href=\"https:\/\/studentpages.ingmanedu.fi\/~aputkone\/naytto\/wp-content\/uploads\/2023\/05\/6.jpg\"><img decoding=\"async\" loading=\"lazy\" width=\"1200\" height=\"851\" src=\"https:\/\/studentpages.ingmanedu.fi\/~aputkone\/naytto\/wp-content\/uploads\/2023\/05\/6.jpg\" alt=\"\" class=\"wp-image-349\" srcset=\"https:\/\/www.kaksinen.fi\/wp-content\/uploads\/2023\/05\/6.jpg 1200w, https:\/\/www.kaksinen.fi\/wp-content\/uploads\/2023\/05\/6-300x213.jpg 300w, https:\/\/www.kaksinen.fi\/wp-content\/uploads\/2023\/05\/6-1024x726.jpg 1024w, https:\/\/www.kaksinen.fi\/wp-content\/uploads\/2023\/05\/6-768x545.jpg 768w\" sizes=\"(max-width: 1200px) 100vw, 1200px\" \/><\/a><\/figure>\n\n\n\n<figure class=\"wp-block-image size-full\"><a href=\"https:\/\/studentpages.ingmanedu.fi\/~aputkone\/naytto\/wp-content\/uploads\/2023\/05\/8.jpg\"><img decoding=\"async\" loading=\"lazy\" width=\"1080\" height=\"657\" src=\"https:\/\/studentpages.ingmanedu.fi\/~aputkone\/naytto\/wp-content\/uploads\/2023\/05\/8.jpg\" alt=\"\" class=\"wp-image-351\" srcset=\"https:\/\/www.kaksinen.fi\/wp-content\/uploads\/2023\/05\/8.jpg 1080w, https:\/\/www.kaksinen.fi\/wp-content\/uploads\/2023\/05\/8-300x183.jpg 300w, https:\/\/www.kaksinen.fi\/wp-content\/uploads\/2023\/05\/8-1024x623.jpg 1024w, https:\/\/www.kaksinen.fi\/wp-content\/uploads\/2023\/05\/8-768x467.jpg 768w\" sizes=\"(max-width: 1080px) 100vw, 1080px\" \/><\/a><\/figure>\n\n\n\n<figure class=\"wp-block-image size-full\"><a href=\"https:\/\/studentpages.ingmanedu.fi\/~aputkone\/naytto\/wp-content\/uploads\/2023\/05\/11.jpg\"><img decoding=\"async\" loading=\"lazy\" width=\"1200\" height=\"1418\" src=\"https:\/\/studentpages.ingmanedu.fi\/~aputkone\/naytto\/wp-content\/uploads\/2023\/05\/11.jpg\" alt=\"\" class=\"wp-image-354\" srcset=\"https:\/\/www.kaksinen.fi\/wp-content\/uploads\/2023\/05\/11.jpg 1200w, https:\/\/www.kaksinen.fi\/wp-content\/uploads\/2023\/05\/11-254x300.jpg 254w, https:\/\/www.kaksinen.fi\/wp-content\/uploads\/2023\/05\/11-867x1024.jpg 867w, https:\/\/www.kaksinen.fi\/wp-content\/uploads\/2023\/05\/11-768x908.jpg 768w\" sizes=\"(max-width: 1200px) 100vw, 1200px\" \/><\/a><\/figure>\n\n\n\n<figure class=\"wp-block-image size-full\"><a href=\"https:\/\/studentpages.ingmanedu.fi\/~aputkone\/naytto\/wp-content\/uploads\/2023\/05\/13.jpg\"><img decoding=\"async\" loading=\"lazy\" width=\"900\" height=\"1520\" src=\"https:\/\/studentpages.ingmanedu.fi\/~aputkone\/naytto\/wp-content\/uploads\/2023\/05\/13.jpg\" alt=\"\" class=\"wp-image-356\" srcset=\"https:\/\/www.kaksinen.fi\/wp-content\/uploads\/2023\/05\/13.jpg 900w, https:\/\/www.kaksinen.fi\/wp-content\/uploads\/2023\/05\/13-178x300.jpg 178w, https:\/\/www.kaksinen.fi\/wp-content\/uploads\/2023\/05\/13-606x1024.jpg 606w, https:\/\/www.kaksinen.fi\/wp-content\/uploads\/2023\/05\/13-768x1297.jpg 768w\" sizes=\"(max-width: 900px) 100vw, 900px\" \/><\/a><\/figure>\n\n\n\n<figure class=\"wp-block-image size-full\"><a href=\"https:\/\/studentpages.ingmanedu.fi\/~aputkone\/naytto\/wp-content\/uploads\/2023\/05\/17.jpg\"><img decoding=\"async\" loading=\"lazy\" width=\"1200\" height=\"1600\" src=\"https:\/\/studentpages.ingmanedu.fi\/~aputkone\/naytto\/wp-content\/uploads\/2023\/05\/17.jpg\" alt=\"\" class=\"wp-image-360\" srcset=\"https:\/\/www.kaksinen.fi\/wp-content\/uploads\/2023\/05\/17.jpg 1200w, https:\/\/www.kaksinen.fi\/wp-content\/uploads\/2023\/05\/17-225x300.jpg 225w, https:\/\/www.kaksinen.fi\/wp-content\/uploads\/2023\/05\/17-768x1024.jpg 768w, https:\/\/www.kaksinen.fi\/wp-content\/uploads\/2023\/05\/17-1152x1536.jpg 1152w\" sizes=\"(max-width: 1200px) 100vw, 1200px\" \/><\/a><\/figure>\n\n\n\n<figure class=\"wp-block-image size-full\"><a href=\"https:\/\/studentpages.ingmanedu.fi\/~aputkone\/naytto\/wp-content\/uploads\/2023\/05\/18.jpg\"><img decoding=\"async\" loading=\"lazy\" width=\"1000\" height=\"563\" src=\"https:\/\/studentpages.ingmanedu.fi\/~aputkone\/naytto\/wp-content\/uploads\/2023\/05\/18.jpg\" alt=\"\" class=\"wp-image-361\" srcset=\"https:\/\/www.kaksinen.fi\/wp-content\/uploads\/2023\/05\/18.jpg 1000w, https:\/\/www.kaksinen.fi\/wp-content\/uploads\/2023\/05\/18-300x169.jpg 300w, https:\/\/www.kaksinen.fi\/wp-content\/uploads\/2023\/05\/18-768x432.jpg 768w\" sizes=\"(max-width: 1000px) 100vw, 1000px\" \/><\/a><\/figure>\n\n\n\n<figure class=\"wp-block-image size-full\"><a href=\"https:\/\/studentpages.ingmanedu.fi\/~aputkone\/naytto\/wp-content\/uploads\/2023\/05\/19.jpg\"><img decoding=\"async\" loading=\"lazy\" width=\"1000\" height=\"1000\" src=\"https:\/\/studentpages.ingmanedu.fi\/~aputkone\/naytto\/wp-content\/uploads\/2023\/05\/19.jpg\" alt=\"\" class=\"wp-image-362\" srcset=\"https:\/\/www.kaksinen.fi\/wp-content\/uploads\/2023\/05\/19.jpg 1000w, https:\/\/www.kaksinen.fi\/wp-content\/uploads\/2023\/05\/19-300x300.jpg 300w, https:\/\/www.kaksinen.fi\/wp-content\/uploads\/2023\/05\/19-150x150.jpg 150w, https:\/\/www.kaksinen.fi\/wp-content\/uploads\/2023\/05\/19-768x768.jpg 768w\" sizes=\"(max-width: 1000px) 100vw, 1000px\" \/><\/a><\/figure>\n\n\n\n<figure class=\"wp-block-image size-full\"><a href=\"https:\/\/studentpages.ingmanedu.fi\/~aputkone\/naytto\/wp-content\/uploads\/2023\/05\/20.jpg\"><img decoding=\"async\" loading=\"lazy\" width=\"720\" height=\"960\" src=\"https:\/\/studentpages.ingmanedu.fi\/~aputkone\/naytto\/wp-content\/uploads\/2023\/05\/20.jpg\" alt=\"\" class=\"wp-image-363\" srcset=\"https:\/\/www.kaksinen.fi\/wp-content\/uploads\/2023\/05\/20.jpg 720w, https:\/\/www.kaksinen.fi\/wp-content\/uploads\/2023\/05\/20-225x300.jpg 225w\" sizes=\"(max-width: 720px) 100vw, 720px\" \/><\/a><\/figure>\n\n\n\n<figure class=\"wp-block-image size-full\"><a href=\"https:\/\/studentpages.ingmanedu.fi\/~aputkone\/naytto\/wp-content\/uploads\/2023\/05\/22.jpg\"><img decoding=\"async\" loading=\"lazy\" width=\"900\" height=\"674\" src=\"https:\/\/studentpages.ingmanedu.fi\/~aputkone\/naytto\/wp-content\/uploads\/2023\/05\/22.jpg\" alt=\"\" class=\"wp-image-365\" srcset=\"https:\/\/www.kaksinen.fi\/wp-content\/uploads\/2023\/05\/22.jpg 900w, https:\/\/www.kaksinen.fi\/wp-content\/uploads\/2023\/05\/22-300x225.jpg 300w, https:\/\/www.kaksinen.fi\/wp-content\/uploads\/2023\/05\/22-768x575.jpg 768w\" sizes=\"(max-width: 900px) 100vw, 900px\" \/><\/a><\/figure>\n\n\n\n<figure class=\"wp-block-image size-full\"><a href=\"https:\/\/studentpages.ingmanedu.fi\/~aputkone\/naytto\/wp-content\/uploads\/2023\/05\/7.jpg\"><img decoding=\"async\" loading=\"lazy\" width=\"1200\" height=\"1310\" src=\"https:\/\/studentpages.ingmanedu.fi\/~aputkone\/naytto\/wp-content\/uploads\/2023\/05\/7.jpg\" alt=\"\" class=\"wp-image-350\" srcset=\"https:\/\/www.kaksinen.fi\/wp-content\/uploads\/2023\/05\/7.jpg 1200w, https:\/\/www.kaksinen.fi\/wp-content\/uploads\/2023\/05\/7-275x300.jpg 275w, https:\/\/www.kaksinen.fi\/wp-content\/uploads\/2023\/05\/7-938x1024.jpg 938w, https:\/\/www.kaksinen.fi\/wp-content\/uploads\/2023\/05\/7-768x838.jpg 768w\" sizes=\"(max-width: 1200px) 100vw, 1200px\" \/><\/a><\/figure>\n\n\n\n<figure class=\"wp-block-image size-full\"><a href=\"https:\/\/studentpages.ingmanedu.fi\/~aputkone\/naytto\/wp-content\/uploads\/2023\/05\/23.jpg\"><img decoding=\"async\" loading=\"lazy\" width=\"1000\" height=\"1000\" src=\"https:\/\/studentpages.ingmanedu.fi\/~aputkone\/naytto\/wp-content\/uploads\/2023\/05\/23.jpg\" alt=\"\" class=\"wp-image-575\" srcset=\"https:\/\/www.kaksinen.fi\/wp-content\/uploads\/2023\/05\/23.jpg 1000w, https:\/\/www.kaksinen.fi\/wp-content\/uploads\/2023\/05\/23-300x300.jpg 300w, https:\/\/www.kaksinen.fi\/wp-content\/uploads\/2023\/05\/23-150x150.jpg 150w, https:\/\/www.kaksinen.fi\/wp-content\/uploads\/2023\/05\/23-768x768.jpg 768w\" sizes=\"(max-width: 1000px) 100vw, 1000px\" \/><\/a><\/figure>\n\n\n\n<figure class=\"wp-block-image size-full\"><a href=\"https:\/\/studentpages.ingmanedu.fi\/~aputkone\/naytto\/wp-content\/uploads\/2023\/05\/24.jpg\"><img decoding=\"async\" loading=\"lazy\" width=\"606\" height=\"317\" src=\"https:\/\/studentpages.ingmanedu.fi\/~aputkone\/naytto\/wp-content\/uploads\/2023\/05\/24.jpg\" alt=\"\" class=\"wp-image-574\" srcset=\"https:\/\/www.kaksinen.fi\/wp-content\/uploads\/2023\/05\/24.jpg 606w, https:\/\/www.kaksinen.fi\/wp-content\/uploads\/2023\/05\/24-300x157.jpg 300w\" sizes=\"(max-width: 606px) 100vw, 606px\" \/><\/a><\/figure>\n\n\n\n<figure class=\"wp-block-image size-full\"><img decoding=\"async\" loading=\"lazy\" width=\"778\" height=\"764\" src=\"https:\/\/studentpages.ingmanedu.fi\/~aputkone\/naytto\/wp-content\/uploads\/2023\/05\/26.jpg\" alt=\"\" class=\"wp-image-637\" srcset=\"https:\/\/www.kaksinen.fi\/wp-content\/uploads\/2023\/05\/26.jpg 778w, https:\/\/www.kaksinen.fi\/wp-content\/uploads\/2023\/05\/26-300x295.jpg 300w, https:\/\/www.kaksinen.fi\/wp-content\/uploads\/2023\/05\/26-768x754.jpg 768w\" sizes=\"(max-width: 778px) 100vw, 778px\" \/><\/figure>\n\n\n\n<figure class=\"wp-block-image size-full\"><a href=\"https:\/\/studentpages.ingmanedu.fi\/~aputkone\/naytto\/wp-content\/uploads\/2023\/05\/27.jpg\"><img decoding=\"async\" loading=\"lazy\" width=\"920\" height=\"712\" src=\"https:\/\/studentpages.ingmanedu.fi\/~aputkone\/naytto\/wp-content\/uploads\/2023\/05\/27.jpg\" alt=\"\" class=\"wp-image-640\" srcset=\"https:\/\/www.kaksinen.fi\/wp-content\/uploads\/2023\/05\/27.jpg 920w, https:\/\/www.kaksinen.fi\/wp-content\/uploads\/2023\/05\/27-300x232.jpg 300w, https:\/\/www.kaksinen.fi\/wp-content\/uploads\/2023\/05\/27-768x594.jpg 768w\" sizes=\"(max-width: 920px) 100vw, 920px\" \/><\/a><\/figure>\n<\/figure>\n\n\n\n<div style=\"height:100px\" aria-hidden=\"true\" class=\"wp-block-spacer\"><\/div>\n\n\n\n<h2 class=\"wp-block-heading\">Medialle<\/h2>\n\n\n\n<h4 class=\"wp-block-heading\">Lataa keikkajuliste <a href=\"http:\/\/studentpages.ingmanedu.fi\/~aputkone\/naytto\/wp-content\/uploads\/2023\/05\/A2-Kaksinen.pdf\" target=\"_blank\" rel=\"noreferrer noopener\">t\u00e4st\u00e4<\/a><\/h4>\n\n\n\n<h4 class=\"wp-block-heading\">Lataa kuvatuksia <a href=\"http:\/\/studentpages.ingmanedu.fi\/~aputkone\/naytto\/wp-content\/uploads\/2023\/05\/1001.pdf\" target=\"_blank\" rel=\"noreferrer noopener\">t\u00e4st\u00e4<\/a>, <a href=\"http:\/\/studentpages.ingmanedu.fi\/~aputkone\/naytto\/wp-content\/uploads\/2023\/05\/1002.pdf\" target=\"_blank\" rel=\"noreferrer noopener\">t\u00e4st\u00e4<\/a>, <a href=\"http:\/\/studentpages.ingmanedu.fi\/~aputkone\/naytto\/wp-content\/uploads\/2023\/05\/1003.pdf\" target=\"_blank\" rel=\"noreferrer noopener\">t\u00e4st\u00e4<\/a> ja <a href=\"http:\/\/studentpages.ingmanedu.fi\/~aputkone\/naytto\/wp-content\/uploads\/2023\/05\/1004.pdf\" target=\"_blank\" rel=\"noreferrer noopener\">t\u00e4st\u00e4<\/a>, vaikka taustakuvaksi.<\/h4>\n\n\n\n<div style=\"height:50px\" aria-hidden=\"true\" class=\"wp-block-spacer\"><\/div>\n\n\n\n<p><strong>Logo ja juliste:<\/strong> J. Kangas<br><strong>Kuvat: <\/strong>Kaikki kuvat lainattu, ilman lupia ja kyselem\u00e4tt\u00e4, omista kokoelmista. Ollaan sill\u00e4 lailla kiitt\u00e4m\u00e4tt\u00f6mi\u00e4. (Mediajulkaisuihin kuvaajat kaivetaan, rauhoittukaa!)<\/p>\n\n\n\n<div style=\"height:100px\" aria-hidden=\"true\" class=\"wp-block-spacer\"><\/div>\n<\/div><\/div>\n","protected":false},"excerpt":{"rendered":"<p>Galleria Medialle Lataa keikkajuliste t\u00e4st\u00e4 Lataa kuvatuksia t\u00e4st\u00e4, t\u00e4st\u00e4, t\u00e4st\u00e4 ja t\u00e4st\u00e4, vaikka taustakuvaksi. Logo ja juliste: J. KangasKuvat: Kaikki kuvat lainattu, ilman lupia ja kyselem\u00e4tt\u00e4, omista kokoelmista. Ollaan sill\u00e4 lailla kiitt\u00e4m\u00e4tt\u00f6mi\u00e4. (Mediajulkaisuihin kuvaajat kaivetaan, rauhoittukaa!)<\/p>\n","protected":false},"author":1,"featured_media":0,"parent":0,"menu_order":0,"comment_status":"closed","ping_status":"closed","template":"","meta":{"neve_meta_sidebar":"","neve_meta_container":"","neve_meta_enable_content_width":"","neve_meta_content_width":0,"neve_meta_title_alignment":"","neve_meta_author_avatar":"","neve_post_elements_order":"","neve_meta_disable_header":"","neve_meta_disable_footer":"","neve_meta_disable_title":"on","ngg_post_thumbnail":0},"yoast_head":"<!-- This site is optimized with the Yoast SEO plugin v21.8.1 - https:\/\/yoast.com\/wordpress\/plugins\/seo\/ -->\n<title>Kaksinen &#8902; Galleria<\/title>\n<meta name=\"description\" content=\"Kuvagalleria. Keikkakuvia ja muuta materiaalia. Linkit medialle: Keikkajuliste ja keikkakuvia.\" \/>\n<meta name=\"robots\" content=\"index, follow, max-snippet:-1, max-image-preview:large, max-video-preview:-1\" \/>\n<link rel=\"canonical\" href=\"https:\/\/www.kaksinen.fi\/?page_id=28\" \/>\n<meta property=\"og:locale\" content=\"fi_FI\" \/>\n<meta property=\"og:type\" content=\"article\" \/>\n<meta property=\"og:title\" content=\"Kaksinen &#8902; Galleria\" \/>\n<meta property=\"og:description\" content=\"Kuvagalleria. Keikkakuvia ja muuta materiaalia. Linkit medialle: Keikkajuliste ja keikkakuvia.\" \/>\n<meta property=\"og:url\" content=\"https:\/\/www.kaksinen.fi\/?page_id=28\" \/>\n<meta property=\"og:site_name\" content=\"Kaksinen\" \/>\n<meta property=\"article:publisher\" content=\"https:\/\/www.facebook.com\/Kaksinen\" \/>\n<meta property=\"article:modified_time\" content=\"2023-05-17T16:52:37+00:00\" \/>\n<meta property=\"og:image\" content=\"https:\/\/studentpages.ingmanedu.fi\/~aputkone\/naytto\/wp-content\/uploads\/2023\/05\/cover_3.jpg\" \/>\n<script type=\"application\/ld+json\" class=\"yoast-schema-graph\">{\"@context\":\"https:\/\/schema.org\",\"@graph\":[{\"@type\":\"WebPage\",\"@id\":\"https:\/\/www.kaksinen.fi\/?page_id=28\",\"url\":\"https:\/\/www.kaksinen.fi\/?page_id=28\",\"name\":\"Kaksinen &#8902; Galleria\",\"isPartOf\":{\"@id\":\"https:\/\/www.kaksinen.fi\/#website\"},\"datePublished\":\"2023-05-02T11:26:45+00:00\",\"dateModified\":\"2023-05-17T16:52:37+00:00\",\"description\":\"Kuvagalleria. Keikkakuvia ja muuta materiaalia. Linkit medialle: Keikkajuliste ja keikkakuvia.\",\"breadcrumb\":{\"@id\":\"https:\/\/www.kaksinen.fi\/?page_id=28#breadcrumb\"},\"inLanguage\":\"fi\",\"potentialAction\":[{\"@type\":\"ReadAction\",\"target\":[\"https:\/\/www.kaksinen.fi\/?page_id=28\"]}]},{\"@type\":\"BreadcrumbList\",\"@id\":\"https:\/\/www.kaksinen.fi\/?page_id=28#breadcrumb\",\"itemListElement\":[{\"@type\":\"ListItem\",\"position\":1,\"name\":\"Etusivu\",\"item\":\"https:\/\/www.kaksinen.fi\/\"},{\"@type\":\"ListItem\",\"position\":2,\"name\":\"Galleria\"}]},{\"@type\":\"WebSite\",\"@id\":\"https:\/\/www.kaksinen.fi\/#website\",\"url\":\"https:\/\/www.kaksinen.fi\/\",\"name\":\"Kaksinen\",\"description\":\"Viisihenkinen duo\",\"publisher\":{\"@id\":\"https:\/\/www.kaksinen.fi\/#organization\"},\"potentialAction\":[{\"@type\":\"SearchAction\",\"target\":{\"@type\":\"EntryPoint\",\"urlTemplate\":\"https:\/\/www.kaksinen.fi\/?s={search_term_string}\"},\"query-input\":\"required name=search_term_string\"}],\"inLanguage\":\"fi\"},{\"@type\":\"Organization\",\"@id\":\"https:\/\/www.kaksinen.fi\/#organization\",\"name\":\"Kaksinen\",\"alternateName\":\"Kaksinen band\",\"url\":\"https:\/\/www.kaksinen.fi\/\",\"logo\":{\"@type\":\"ImageObject\",\"inLanguage\":\"fi\",\"@id\":\"https:\/\/www.kaksinen.fi\/#\/schema\/logo\/image\/\",\"url\":\"https:\/\/www.kaksinen.fi\/wp-content\/uploads\/2023\/05\/cropped-logo_pyorea.png\",\"contentUrl\":\"https:\/\/www.kaksinen.fi\/wp-content\/uploads\/2023\/05\/cropped-logo_pyorea.png\",\"width\":512,\"height\":512,\"caption\":\"Kaksinen\"},\"image\":{\"@id\":\"https:\/\/www.kaksinen.fi\/#\/schema\/logo\/image\/\"},\"sameAs\":[\"https:\/\/www.facebook.com\/Kaksinen\",\"https:\/\/www.instagram.com\/kaksinenband\/\"]}]}<\/script>\n<!-- \/ Yoast SEO plugin. -->","yoast_head_json":{"title":"Kaksinen &#8902; Galleria","description":"Kuvagalleria. Keikkakuvia ja muuta materiaalia. Linkit medialle: Keikkajuliste ja keikkakuvia.","robots":{"index":"index","follow":"follow","max-snippet":"max-snippet:-1","max-image-preview":"max-image-preview:large","max-video-preview":"max-video-preview:-1"},"canonical":"https:\/\/www.kaksinen.fi\/?page_id=28","og_locale":"fi_FI","og_type":"article","og_title":"Kaksinen &#8902; Galleria","og_description":"Kuvagalleria. Keikkakuvia ja muuta materiaalia. Linkit medialle: Keikkajuliste ja keikkakuvia.","og_url":"https:\/\/www.kaksinen.fi\/?page_id=28","og_site_name":"Kaksinen","article_publisher":"https:\/\/www.facebook.com\/Kaksinen","article_modified_time":"2023-05-17T16:52:37+00:00","og_image":[{"url":"https:\/\/studentpages.ingmanedu.fi\/~aputkone\/naytto\/wp-content\/uploads\/2023\/05\/cover_3.jpg"}],"schema":{"@context":"https:\/\/schema.org","@graph":[{"@type":"WebPage","@id":"https:\/\/www.kaksinen.fi\/?page_id=28","url":"https:\/\/www.kaksinen.fi\/?page_id=28","name":"Kaksinen &#8902; Galleria","isPartOf":{"@id":"https:\/\/www.kaksinen.fi\/#website"},"datePublished":"2023-05-02T11:26:45+00:00","dateModified":"2023-05-17T16:52:37+00:00","description":"Kuvagalleria. Keikkakuvia ja muuta materiaalia. Linkit medialle: Keikkajuliste ja keikkakuvia.","breadcrumb":{"@id":"https:\/\/www.kaksinen.fi\/?page_id=28#breadcrumb"},"inLanguage":"fi","potentialAction":[{"@type":"ReadAction","target":["https:\/\/www.kaksinen.fi\/?page_id=28"]}]},{"@type":"BreadcrumbList","@id":"https:\/\/www.kaksinen.fi\/?page_id=28#breadcrumb","itemListElement":[{"@type":"ListItem","position":1,"name":"Etusivu","item":"https:\/\/www.kaksinen.fi\/"},{"@type":"ListItem","position":2,"name":"Galleria"}]},{"@type":"WebSite","@id":"https:\/\/www.kaksinen.fi\/#website","url":"https:\/\/www.kaksinen.fi\/","name":"Kaksinen","description":"Viisihenkinen duo","publisher":{"@id":"https:\/\/www.kaksinen.fi\/#organization"},"potentialAction":[{"@type":"SearchAction","target":{"@type":"EntryPoint","urlTemplate":"https:\/\/www.kaksinen.fi\/?s={search_term_string}"},"query-input":"required name=search_term_string"}],"inLanguage":"fi"},{"@type":"Organization","@id":"https:\/\/www.kaksinen.fi\/#organization","name":"Kaksinen","alternateName":"Kaksinen band","url":"https:\/\/www.kaksinen.fi\/","logo":{"@type":"ImageObject","inLanguage":"fi","@id":"https:\/\/www.kaksinen.fi\/#\/schema\/logo\/image\/","url":"https:\/\/www.kaksinen.fi\/wp-content\/uploads\/2023\/05\/cropped-logo_pyorea.png","contentUrl":"https:\/\/www.kaksinen.fi\/wp-content\/uploads\/2023\/05\/cropped-logo_pyorea.png","width":512,"height":512,"caption":"Kaksinen"},"image":{"@id":"https:\/\/www.kaksinen.fi\/#\/schema\/logo\/image\/"},"sameAs":["https:\/\/www.facebook.com\/Kaksinen","https:\/\/www.instagram.com\/kaksinenband\/"]}]}},"_links":{"self":[{"href":"https:\/\/www.kaksinen.fi\/index.php?rest_route=\/wp\/v2\/pages\/28"}],"collection":[{"href":"https:\/\/www.kaksinen.fi\/index.php?rest_route=\/wp\/v2\/pages"}],"about":[{"href":"https:\/\/www.kaksinen.fi\/index.php?rest_route=\/wp\/v2\/types\/page"}],"author":[{"embeddable":true,"href":"https:\/\/www.kaksinen.fi\/index.php?rest_route=\/wp\/v2\/users\/1"}],"replies":[{"embeddable":true,"href":"https:\/\/www.kaksinen.fi\/index.php?rest_route=%2Fwp%2Fv2%2Fcomments&post=28"}],"version-history":[{"count":37,"href":"https:\/\/www.kaksinen.fi\/index.php?rest_route=\/wp\/v2\/pages\/28\/revisions"}],"predecessor-version":[{"id":1018,"href":"https:\/\/www.kaksinen.fi\/index.php?rest_route=\/wp\/v2\/pages\/28\/revisions\/1018"}],"wp:attachment":[{"href":"https:\/\/www.kaksinen.fi\/index.php?rest_route=%2Fwp%2Fv2%2Fmedia&parent=28"}],"curies":[{"name":"wp","href":"https:\/\/api.w.org\/{rel}","templated":true}]}}